 the remainder when 221841 is divided by 115.
6
What is the remainder when 14981 is divided by 14933?
48
Calculate the remainder when 24701 is divided by 64.
61
Calculate the remainder when 3582 is divided by 112.
110
Calculate the remainder when 135958 is divided by 67939.
80
Calculate the remainder when 3023025 is divided by 69.
66
What is the remainder when 21231 is divided by 10575?
81
What is the remainder when 616147 is divided by 33?
4
What is the remainder when 26935 is divided by 37?
36
What is the remainder when 40292 is divided by 190?
12
Calculate the remainder when 153712 is divided by 187.
185
Calculate the remainder when 9977 is divided by 3143.
548
What is the remainder when 13181 is divided by 1317?
11
Calculate the remainder when 225 is divided by 109.
7
Calculate the remainder when 10940 is divided by 2188.
0
Calculate the remainder when 86656 is divided by 303.
301
What is the remainder when 12624 is divided by 788?
16
What is the remainder when 512010 is divided by 16516?
14
What is the remainder when 4108798 is divided by 200?
198
What is the remainder when 239853 is divided by 108?
93
Calculate the remainder when 4827 is divided by 1600.
27
What is the remainder when 8318 is divided by 31?
10
Calculate the remainder when 128670 is divided by 240.
30
Calculate the remainder when 2104 is divided by 246.
136
Calculate the remainder when 19314 is divided by 9634.
46
Calculate the remainder when 183447 is divided by 30.
27
What is the remainder when 40130 is divided by 8023?
15
What is the remainder when 163263 is divided by 28?
23
What is the remainder when 1445891 is divided by 149?
144
Calculate the remainder when 992 is divided by 405.
182
Calculate the remainder when 181791 is divided by 1976.
1975
What is the remainder when 42878 is divided by 181?
162
Calculate the remainder when 1806 is divided by 1137.
669
What is the remainder when 72257 is divided by 17953?
445
What is the remainder when 16167 is divided by 1759?
336
Calculate the remainder when 11942 is divided by 3979.
5
What is the remainder when 1659 is divided by 700?
259
What is the remainder when 3578 is divided by 603?
563
What is the remainder when 403258 is divided by 715?
713
Calculate the remainder when 606 is divided by 205.
196
Calculate the remainder when 14476 is divided by 102.
94
What is the remainder when 2645 is divided by 510?
95
What is the remainder when 7464 is divided by 7433?
31
What is the remainder when 33684 is divided by 2801?
72
Calculate the remainder when 4051 is divided by 115.
26
What is the remainder when 145225 is divided by 72609?
7
What is the remainder when 5863 is divided by 250?
113
Calculate the remainder when 74232 is divided by 10.
2
What is the remainder when 1789 is divided by 1573?
216
Calculate the remainder when 1826 is divided by 214.
114
What is the remainder when 157156 is divided by 224?
132
Calculate the remainder when 555642 is divided by 15.
12
What is the remainder when 99173 is divided by 1359?
1325
Calculate the remainder when 31411 is divided by 1650.
61
Calculate the remainder when 43431 is divided by 37.
30
What is the remainder when 2283220 is divided by 21?
16
What is the remainder when 69877 is divided by 624?
613
Calculate the remainder when 3406 is divided by 532.
214
What is the remainder when 549 is divided by 360?
189
What is the remainder when 2540 is divided by 220?
120
Calculate the remainder when 24262 is divided by 28.
14
Calculate the remainder when 5019 is divided by 151.
36
What is the remainder when 2409 is divided by 786?
51
Calculate the remainder when 70575 is divided by 54.
51
Calculate the remainder when 7292 is divided by 104.
12
What is the remainder when 6307 is divided by 487?
463
Calculate the remainder when 765 is divided by 755.
10
Calculate the remainder when 1353327 is divided by 198.
195
What is the remainder when 42444 is divided by 14?
10
Calculate the remainder when 705 is divided by 171.
21
Calculate the remainder when 3332 is divided by 786.
188
Calculate the remainder when 219694 is divided by 16.
14
What is the remainder when 993373 is divided by 8638?
3
What is the remainder when 25008 is divided by 93?
84
Calculate the remainder when 11276 is divided by 576.
332
What is the remainder when 4424 is divided by 92?
8
What is the remainder when 8690 is divided by 483?
479
Calculate the remainder when 128174 is divided by 12.
2
What is the remainder when 1779448 is divided by 7?
6
Calculate the remainder when 2069 is divided by 495.
89
What is the remainder when 265422 is divided by 428?
62
What is the remainder when 2332364 is divided by 16?
12
What is the remainder when 63 is divided by 7?
0
Calculate the remainder when 3353 is divided by 684.
617
What is the remainder when 24154 is divided by 479?
204
What is the remainder when 7670 is divided by 120?
110
Calculate the remainder when 824912 is divided by 637.
634
What is the remainder when 111935 is divided by 121?
10
Calculate the remainder when 49306 is divided by 104.
10
Calculate the remainder when 19537 is divided by 47.
32
Calculate the remainder when 4037 is divided by 449.
445
What is the remainder when 3162 is divided by 663?
510
Calculate the remainder when 1437 is divided by 1300.
137
What is the remainder when 1037 is divided by 41?
12
Calculate the remainder when 8747 is divided by 13.
11
What is the remainder when 3495 is divided by 66?
63
Calculate the remainder when 120167 is divided by 61.
58
What is the remainder when 24459 is divided by 153?
132
What is the remainder when 8068 is divided by 1009?
1005
What is the remainder when 18076 is divided by 241?
1
What is the remainder when 1387 is divided by 222?
55
Calculate the remainder when 32964 is divided by 32.
4
Calculate the remainder when 49041 is divided by 220.
201
Calculate the remainder when 54524 is divided by 1603.
22
Calculate the remainder when 51972 is divided by 20.
12
What is the remainder when 831 is divided by 6?
3
Calculate the remainder when 1189453 is divided by 47578.
3
What is the remainder when 245034 is divided by 183?
180
Calculate the remainder when 12306 is divided by 293.
0
What is the remainder when 1867 is divided by 295?
97
What is the remainder when 181434 is divided by 171?
3
What is the remainder when 2600 is divided by 780?
260
What is the remainder when 91666 is divided by 26?
16
Calculate the remainder when 73054 is divided by 7304.
14
What is the remainder when 8232 is divided by 2657?
261
What is the remainder when 1139 is divided by 102?
17
What is the remainder when 1849 is divided by 185?
184
Calculate the remainder when 89096 is divided by 291.
50
What is the remainder when 3906 is divided by 359?
316
Calculate the remainder when 3668 is divided by 1803.
62
What is the remainder when 18088 is divided by 229?
226
What is the remainder when 2595 is divided by 371?
369
Calculate the remainder when 157223 is divided by 12.
11
What is the remainder when 520880 is divided by 351?
347
Calculate the remainder when 10257 is divided by 11.
5
What is the remainder when 59548 is divided by 6?
4
Calculate the remainder when 22235 is divided by 3.
2
What is the remainder when 378 is divided by 64?
58
Calculate the remainder when 9853 is divided by 77.
74
What is the remainder when 4782 is divided by 102?
90
Calculate the remainder when 119310 is divided by 338.
334
Calculate the remainder when 7432 is divided by 3640.
152
Calculate the remainder when 3972 is divided by 86.
16
What is the remainder when 4885 is divided by 286?
23
Calculate the remainder when 2173 is divided by 742.
689
What is the remainder when 750 is divided by 237?
39
Calculate the remainder when 993167 is divided by 10.
7
What is the remainder when 19415 is divided by 571?
1
What is the remainder when 2757 is divided by 359?
244
What is the remainder when 83197 is divided by 34?
33
What is the remainder when 12395 is divided by 32?
11
Calculate the remainder when 41973 is divided by 128.
117
Calculate the remainder when 5403 is divided by 1080.
3
Calculate the remainder when 24412 is divided by 8015.
367
What is the remainder when 5463 is divided by 1688?
399
What is the remainder when 41218 is divided by 229?
227
What is the remainder when 130438